ctors of y(x).
2, 3, 5
Let s = -38 - -132. Suppose -4*l - s + 310 = 0. List the prime factors of l.
2, 3
Let v = -86 - -31. Let o = 97 + v. What are the prime factors of o?
2, 3, 7
Let k(d) = -2*d - 1. Let n(y) = -y - 2. Let v be n(2). Let g be k(v). What are the prime factors of (-2)/g + (-121)/(-7)?
17
Let d(a) = 18*a**2 - 2*a + 1. Suppose -i - 3*i = 4*s - 4, 0 = -2*s + i + 2. List the prime factors of d(s).
17
Suppose 4*n + 2*m = -58, 2*n + 2*m + 2*m = -20. Suppose 64 = 4*j - 24. Let y = j + n. List the prime factors of y.
2, 3
Let b(r) = 2*r + 2. Let h be b(7). Let x = h + 32. Suppose -7*o + 3*o + x = 0. List the prime factors of o.
2, 3
Suppose -3*y - 54 = -0. Suppose -s - 100 = 4*s. List the prime factors of (y/15)/(3/s).
2
Suppose 18 = -2*w - 4. Suppose 0 = -l + 2*l - 18. Let o = l + w. What are the prime factors of o?
7
Let a(l) = l**2 + 5*l - 7. Let m be a(-6). Let p be (2 + m)/1 + 1. Suppose 2 - 10 = -p*d. What are the prime factors of d?
2
Let b(i) = -6*i - 5 + i**2 + 4*i + i. Let g = -5 - -9. List the prime factors of b(g).
7
Let h(n) = 6 - 2*n - 1 - 1. List the prime factors of h(-3).
2, 5
Let l be (-4)/(-16) - 255/12. What are the prime factors of 3/(-2)*112/l?
2
Let l be (0 - (-6 + 3))/(-1). What are the prime factors of (l - 0) + 110/5?
19
Let k be 2/12 - (-775)/30. Suppose -k = -4*v - 2. What are the prime factors of v?
2, 3
Suppose -y = 3*y - 16. Suppose y - 48 = -4*n. List the prime factors of n.
11
Suppose -2*t = 5*p + 22, p - t = 5*p + 17. Let l be (5*-1)/(1/p). Suppose -18 = -5*c + 2*b, 5*b = 4*c + 2*b - l. What are the prime factors of c?
2
Let k(p) = -p**3 - 15*p**2 - 2*p + 2. What are the prime factors of k(-15)?
2
Let r(m) = -m**2 + 1. Let a be r(0). Let c(y) = 33*y**3 + 1. What are the prime factors of c(a)?
2, 17
What are the prime factors of 1 + 0 + 1 - -50?
2, 13
Suppose 0 = -5*l - 4*j + 420, -5*l - 5*j = 27 - 442. List the prime factors of l.
2, 11
Let x = -68 + 104. List the prime factors of x.
2, 3
Let z(t) = -t**3 - 8*t**2 - t - 4. Let g be z(-8). Suppose -2*s - 3*s + 55 = 2*h, -h + 44 = g*s. What are the prime factors of s?
11
Let d(i) = 2*i**2 - 2*i. Let j(f) = -f**2 + 3*f + 2. Let b be j(3). Suppose n = -4*n + 3*o - 22, 0 = -b*n - 5*o + 16. List the prime factors of d(n).
2, 3
Let m be (-32)/6*(-21)/14. Suppose -12 = -n + 64. Suppose -n = 4*l - m*l. What are the prime factors of l?
19
Suppose -5*t = -2*t - 15. What are the prime factors of t?
5
Suppose 0 = -5*x - 3*u + 28, 2*u + 12 + 11 = 5*x. Let t be (-5)/(-3)*(x - 2). Suppose -5*d + 18 - t = -3*r, 5*r = 3*d + 5. What are the prime factors of r?
2
Suppose -4*a - 28 = -3*i - 12, -2*a = 2*i + 8. Suppose 5*c = b + 30 + 10, 3*b = i. What are the prime factors of c?
2
What are the prime factors of 161 + 1 + (11 - 15)?
2, 79
What are the prime factors of 177 + -5 + 7 - -4?
3, 61
Let w(g) be the third derivative of -g**4/24 - 5*g**3/6 - 3*g**2. List the prime factors of w(-9).
2
Let v = -8 + 44. What are the prime factors of v?
2, 3
Suppose 0 - 4 = -2*i. Suppose i*k + 6 = 5*b, -2*k + 2*b = k - 2. Suppose g + k = 2*g. List the prime factors of g.
2
Let n(a) = -a**2 + a + 1. Suppose 0 = -3*z - 4*f - 6 + 18, -3*z + 2*f = 6. Let w be n(z). List the prime factors of (w - -2)/((-12)/(-64)).
2
Suppose 0*n - 4*n + 20 = 0. Let t = 0 - -2. Let m = t + n. What are the prime factors of m?
7
Let r(d) = d**3 - 9*d**2 - 8*d - 12. What are the prime factors of r(10)?
2
Suppose 0 = g - 2. Let c be 27 - (g + -2) - -3. Suppose 2*l - 5*y = -0 + 3, -c = -4*l + 2*y. List the prime factors of l.
3
Let f(i) be the first derivative of i**4/12 - 7*i**3/6 - 5*i**2/2 - 2*i + 4. Let l(n) be the first derivative of f(n). What are the prime factors of l(9)?
13
Suppose -o = 4*p - 48, -3*o - 5*p - 8 = -159. List the prime factors of o.
2, 13
Let c(s) = 2*s + 37. What are the prime factors of c(20)?
7, 11
Let p be (-36)/(-21) + (-4)/(-14). Let l = 0 + p. Suppose -5*i = m + 11, 7 + 3 = 2*m + l*i. What are the prime factors of m?
3
Let d(h) = -52*h**2 + 3*h + 2. Let l be d(-1). Let a = l - -108. List the prime factors of a.
5, 11
Let s = -102 + 202. List the prime factors of s.
2, 5
Let b(m) = -m**2 - m - 2. Let a(s) = 0*s**2 + 0*s**2 + 4 + 2*s**2 + 2*s. Let x(y) = -3*a(y) - 7*b(y). What are the prime factors of x(-3)?
2
Suppose 0 = x - 2*x + 6. Suppose 0 = 3*c - 5*c + x. List the prime factors of c.
3
Let b(k) = -3*k - 11. List the prime factors of b(-8).
13
Suppose -2*j = j - 30. List the prime factors of 118/j + (-5)/(-25).
2, 3
Let p be -1*4/(-4) + 2. Suppose a + 112 = 4*y, 0 = 4*y + p*a - 88 - 8. List the prime factors of y.
3
Let t = -1 + 4. Let w = -5 + t. What are the prime factors of 3 + w + (2 - -6)?
3
What are the prime factors of 710/14 + 8/28?
3, 17
Let l(h) be the second derivative of 1/6*h**4 - 1/3*h**3 - h - 2*h**2 + 0. What are the prime factors of l(3)?
2
Suppose -2*m + 1 = 3. What are the prime factors of (m + 11 - -2) + 1?
13
Suppose -k - 8 = 7. Let q = k - -30. What are the prime factors of q?
3, 5
Suppose 5*k - 1 = 2*h - 2, -4*k = 3*h - 13. Let u = -1 + 2. List the prime factors of u*(1 + k) + 12.
2, 7
Let d(x) = -2*x**2 - 3*x - 2. Let w be d(-3). Let b = w - -19. List the prime factors of b.
2
Suppose 5 - 9 = -z. Suppose 3*j + z*q - 44 = 0, -3*q - 16 = -4*j + 1. List the prime factors of j.
2
Let r be (46/4)/((-3)/6). Let g = -9 - r. List the prime factors of g.
2, 7
Let v(l) = 17*l + 1. Suppose 2 + 2 = 2*z. List the prime factors of v(z).
5, 7
Let s(y) = 8*y + 5. Let x(h) = -h - 1. Let a(i) = -s(i) - 6*x(i). Let b be a(-1). Suppose b*l = 8*l - 40. What are the prime factors of l?
2
List the prime factors of 19/(-2 - 10/(-4)).
2, 19
Let u be 17 + -1 - (-1)/(-1). Let c(m) = m**3 - 7*m**2 + 4*m + 2. Let q be c(6). Let r = q + u. List the prime factors of r.
5
Let z = -21 - -8. Let s(v) = -v**2 - 14*v + 6. List the prime factors of s(z).
19
Suppose -3*w = 2*w. Suppose -4*c + 3*c - 3*v + 11 = w, 0 = -2*c - 2*v + 10. List the prime factors of c.
2
List the prime factors of 2/(20/(-145))*-6.
3, 29
Let a = 1 - -28. What are the prime factors of a?
29
Suppose 0 = -4*n - 12, 7*u = 4*u - 5*n - 3. Suppose -4*l = 2*y + 8, -2*y = -2*l + u*l + 8. Let t = l - -4. What are the prime factors of t?
2
Let c(x) = -2*x - 15. Let o be c(-10). Let t(f) = f**3 - 6*f**2 + f - 5. Let w be t(6). Let r = o - w. List the prime factors of r.
2
Suppose 160 = 7*b - 267. What are the prime factors of b?
61
Suppose -5*y + 41 = m - 0*m, -5*m = 3*y - 227. What are the prime factors of m?
2, 23
Let r = -11 - -17. Let t = r + 2. What are the prime factors of t?
2
Suppose -2*s + 0*w = -5*w - 19, 3 = w. List the prime factors of s.
17
Let p(i) = 3*i - 10. Suppose 0 = 2*z - 8, 0*q + 3*q + 2*z = 29. Let d be p(q). Suppose 2 = -k + d. What are the prime factors of k?
3
Suppose -3*q + 13 = 4*z, 5*q - 3*z + z - 13 = 0. Let m be (-1)/q + (-98)/(-6). Suppose -5*f + m = -59. What are the prime factors of f?
3, 5
Let q(k) = 1 + k - 7*k + k. Let o(f) = -f**3 + 4*f**2 - f + 2. Let m be o(4). List the prime factors of q(m).
11
What are the prime factors of ((-10)/25)/((-3)/195)?
2, 13
Let q(v) = -v**3 + 0 + 4*v**2 + 1 + v + 4. Suppose -5*s + u = -s - 17, -3*u - 3 = 0. List the prime factors of q(s).
3
Suppose -h - 4 = -3*h. Suppose 0 = 3*d + 4*l + l - 26, h*d - 4*l = 32. What are the prime factors of d?
2, 3
Let y(k) = k**2 - k + 10. Let u be y(0). What are the prime factors of 3/2*u/3?
5
Suppose -w - 27 = -5*y, -w - 2*w - 3*y = -9. Let k = w + 7. List the prime factors of k.
5
Suppose 0 = 2*b + 4*i - 22, 3*b + 2*i = -i + 39. List the prime factors of b.
3, 5
Let x(w) = -3*w**2 - 1 + 5*w**2 + 2*w + 2 + 2*w**3. Let h be x(-1). List the prime factors of (-3 - h)/((-1)/6).
2, 3
Suppose -3*t - 23 = -110. List the prime factors of t.
29
Let i(p) = p**3 + 15*p**2 - 4*p - 14. List the prime factors of i(-15).
2, 23
Suppose 41 = -4*k - 5*n + 10, -k - n - 8 = 0. Let s(f) = -4*f**2 - 3*f - 5. Let d be s(4). List the prime factors of (3/k)/(3/d).
3
Let b be ((-18)/(-8) + -1)*4. Suppose -r + 21 = k - 35, 4*r - 3*k - 238 = 0. Suppose -2 = -b*j + r. List the prime factors of j.
2, 3
Suppose -3*d + 15 = 0, 2*d + 0*d = -r + 120. What are the prime factors of r?
2, 5, 11
Suppose 5*b + 16 = 251. List the prime factors of b.
47
Let d(z) be